{"id":717,"date":"2017-11-14T10:46:33","date_gmt":"2017-11-14T10:46:33","guid":{"rendered":"http:\/\/advanced.es\/?page_id=717\/"},"modified":"2018-02-09T08:58:27","modified_gmt":"2018-02-09T08:58:27","slug":"cie","status":"publish","type":"page","link":"https:\/\/www.advanced.es\/ca\/empreses-allotjades\/cie\/","title":{"rendered":"CIE"},"content":{"rendered":"<p>[et_pb_section bb_built=&#8221;1&#8243;][et_pb_row][et_pb_column type=&#8221;4_4&#8243;][et_pb_text _builder_version=&#8221;3.0.100&#8243; background_layout=&#8221;light&#8221;]<\/p>\n<h1>CIE &#8211; CONSULTOR\u00cdA INTEGRAL EMPRESAS<\/h1>\n<p>[\/et_pb_text][et_pb_text _builder_version=&#8221;3.0.60&#8243; background_layout=&#8221;light&#8221; text_orientation=&#8221;left&#8221; border_style=&#8221;solid&#8221;]<\/p>\n<p>En l&#8217;\u00e0mbit comptable, fiscal, laboral i mercantil tenim \u00e0mplia experi\u00e8ncia i oferim una atenci\u00f3 absolutament personalitzada. Sens dubte la millor soluci\u00f3 global a les seves necessitats d&#8217;assessorament i gesti\u00f3 de la seva empresa o parcial en la mat\u00e8ria concreta que necessiti, tenint com a objectiu la reducci\u00f3 de costos i optimitzaci\u00f3 de beneficis del seu negoci.<\/p>\n<ul>\n<li>Confecci\u00f3 de comptabilitats i impostos per a empreses i aut\u00f2noms<\/li>\n<li>An\u00e0lisi de balan\u00e7os per con\u00e8ixer la situaci\u00f3 del seu negoci<\/li>\n<li>Confecci\u00f3 de n\u00f2mines, contractes de treball i comunicacions on line amb la Tresoreria de la Seguretat Social<\/li>\n<li>Assessorament i auditoria comptable \/ fiscal<\/li>\n<li>Gesti\u00f3 d&#8217;acomiadaments i actuaci\u00f3 davant el CEMAC i la Inspecci\u00f3 de Treball<\/li>\n<li>Adaptaci\u00f3 a la Llei de Protecci\u00f3 de dades a empreses<\/li>\n<\/ul>\n<p>[\/et_pb_text][\/et_pb_column][\/et_pb_row][et_pb_row][et_pb_column type=&#8221;1_2&#8243;][et_pb_image _builder_version=&#8221;3.0.100&#8243; src=&#8221;http:\/\/advanced.es\/wp-content\/uploads\/2017\/11\/cie-logo.jpg&#8221; show_in_lightbox=&#8221;off&#8221; url_new_window=&#8221;off&#8221; use_overlay=&#8221;off&#8221; align=&#8221;right&#8221; always_center_on_mobile=&#8221;on&#8221; force_fullwidth=&#8221;off&#8221; animation_style=&#8221;slide&#8221; animation_duration=&#8221;500ms&#8221; animation_intensity_slide=&#8221;10%&#8221; animation_direction=&#8221;left&#8221; show_bottom_space=&#8221;on&#8221; \/][\/et_pb_column][et_pb_column type=&#8221;1_2&#8243;][et_pb_text _builder_version=&#8221;3.0.60&#8243; background_layout=&#8221;light&#8221; text_orientation=&#8221;left&#8221; border_style=&#8221;solid&#8221;]<\/p>\n<h2>Contacte:<\/h2>\n<p>M Cruz Rodes ba\u00f1o<br \/>\n637405341<br \/>\n<a href=\"mailto:mcruzrodes@outlook.es\">mcruzrodes@outlook.es<\/a><\/p>\n<p>Ana Domenech Catarina<br \/>\n606606531<br \/>\n<a href=\"mailto:adomenech@outlook.es\">adomenech@outlook.es<\/a><\/p>\n<p>[\/et_pb_text][\/et_pb_column][\/et_pb_row][\/et_pb_section]<\/p>\n","protected":false},"excerpt":{"rendered":"<p>[et_pb_section bb_built=&#8221;1&#8243;][et_pb_row][et_pb_column type=&#8221;4_4&#8243;][et_pb_text _builder_version=&#8221;3.0.100&#8243; background_layout=&#8221;light&#8221;] CIE &#8211; CONSULTOR\u00cdA INTEGRAL EMPRESAS [\/et_pb_text][et_pb_text _builder_version=&#8221;3.0.60&#8243; background_layout=&#8221;light&#8221; text_orientation=&#8221;left&#8221; border_style=&#8221;solid&#8221;] En l&#8217;\u00e0mbit comptable, fiscal, laboral i mercantil tenim \u00e0mplia experi\u00e8ncia i oferim una atenci\u00f3 absolutament personalitzada. Sens dubte la millor soluci\u00f3 global a les seves necessitats d&#8217;assessorament i gesti\u00f3 de la seva empresa o parcial en la mat\u00e8ria concreta que [&hellip;]<\/p>\n","protected":false},"author":5,"featured_media":0,"parent":601,"menu_order":0,"comment_status":"closed","ping_status":"closed","template":"","meta":{"_et_pb_use_builder":"on","_et_pb_old_content":"","_et_gb_content_width":""},"_links":{"self":[{"href":"https:\/\/www.advanced.es\/ca\/wp-json\/wp\/v2\/pages\/717"}],"collection":[{"href":"https:\/\/www.advanced.es\/ca\/wp-json\/wp\/v2\/pages"}],"about":[{"href":"https:\/\/www.advanced.es\/ca\/wp-json\/wp\/v2\/types\/page"}],"author":[{"embeddable":true,"href":"https:\/\/www.advanced.es\/ca\/wp-json\/wp\/v2\/users\/5"}],"replies":[{"embeddable":true,"href":"https:\/\/www.advanced.es\/ca\/wp-json\/wp\/v2\/comments?post=717"}],"version-history":[{"count":7,"href":"https:\/\/www.advanced.es\/ca\/wp-json\/wp\/v2\/pages\/717\/revisions"}],"predecessor-version":[{"id":1633,"href":"https:\/\/www.advanced.es\/ca\/wp-json\/wp\/v2\/pages\/717\/revisions\/1633"}],"up":[{"embeddable":true,"href":"https:\/\/www.advanced.es\/ca\/wp-json\/wp\/v2\/pages\/601"}],"wp:attachment":[{"href":"https:\/\/www.advanced.es\/ca\/wp-json\/wp\/v2\/media?parent=717"}],"curies":[{"name":"wp","href":"https:\/\/api.w.org\/{rel}","templated":true}]}}

<p>[et_pb_section bb_built=&#8221;1&#8243;][et_pb_row][et_pb_column type=&#8221;4_4&#8243;][et_pb_text _builder_version=&#8221;3.0.100&#8243; background_layout=&#8221;light&#8221;]</p>
<h1>CIE &#8211; CONSULTORÍA INTEGRAL EMPRESAS</h1>
<p>[/et_pb_text][et_pb_text _builder_version=&#8221;3.0.60&#8243; background_layout=&#8221;light&#8221; text_orientation=&#8221;left&#8221; border_style=&#8221;solid&#8221;]</p>
<p>En l&#8217;àmbit comptable, fiscal, laboral i mercantil tenim àmplia experiència i oferim una atenció absolutament personalitzada. Sens dubte la millor solució global a les seves necessitats d&#8217;assessorament i gestió de la seva empresa o parcial en la matèria concreta que necessiti, tenint com a objectiu la reducció de costos i optimització de beneficis del seu negoci.</p>
<ul>
<li>Confecció de comptabilitats i impostos per a empreses i autònoms</li>
<li>Anàlisi de balanços per conèixer la situació del seu negoci</li>
<li>Confecció de nòmines, contractes de treball i comunicacions on line amb la Tresoreria de la Seguretat Social</li>
<li>Assessorament i auditoria comptable / fiscal</li>
<li>Gestió d&#8217;acomiadaments i actuació davant el CEMAC i la Inspecció de Treball</li>
<li>Adaptació a la Llei de Protecció de dades a empreses</li>
</ul>
<p>[/et_pb_text][/et_pb_column][/et_pb_row][et_pb_row][et_pb_column type=&#8221;1_2&#8243;][et_pb_image _builder_version=&#8221;3.0.100&#8243; src=&#8221;http://advanced.es/wp-content/uploads/2017/11/cie-logo.jpg&#8221; show_in_lightbox=&#8221;off&#8221; url_new_window=&#8221;off&#8221; use_overlay=&#8221;off&#8221; align=&#8221;right&#8221; always_center_on_mobile=&#8221;on&#8221; force_fullwidth=&#8221;off&#8221; animation_style=&#8221;slide&#8221; animation_duration=&#8221;500ms&#8221; animation_intensity_slide=&#8221;10%&#8221; animation_direction=&#8221;left&#8221; show_bottom_space=&#8221;on&#8221; /][/et_pb_column][et_pb_column type=&#8221;1_2&#8243;][et_pb_text _builder_version=&#8221;3.0.60&#8243; background_layout=&#8221;light&#8221; text_orientation=&#8221;left&#8221; border_style=&#8221;solid&#8221;]</p>
<h2>Contacte:</h2>
<p>M Cruz Rodes baño<br />
637405341<br />
<a href="mailto:mcruzrodes@outlook.es">mcruzrodes@outlook.es</a></p>
<p>Ana Domenech Catarina<br />
606606531<br />
<a href="mailto:adomenech@outlook.es">adomenech@outlook.es</a></p>
<p>[/et_pb_text][/et_pb_column][/et_pb_row][/et_pb_section]</p>

<p>[et_pb_section bb_built=&#8221;1&#8243;][et_pb_row][et_pb_column type=&#8221;4_4&#8243;][et_pb_text _builder_version=&#8221;3.0.100&#8243; background_layout=&#8221;light&#8221;] CIE &#8211; CONSULTORÍA INTEGRAL EMPRESAS [/et_pb_text][et_pb_text _builder_version=&#8221;3.0.60&#8243; background_layout=&#8221;light&#8221; text_orientation=&#8221;left&#8221; border_style=&#8221;solid&#8221;] En l&#8217;àmbit comptable, fiscal, laboral i mercantil tenim àmplia experiència i oferim una atenció absolutament personalitzada. Sens dubte la millor solució global a les seves necessitats d&#8217;assessorament i gestió de la seva empresa o parcial en la matèria concreta que [&hellip;]</p>
